 is 201100 - 12220001022?
-12212022222
In base 2, what is -101011001000 + -11011010001110?
-100000101010110
In base 5, what is 300223 - -2111213?
2411441
In base 9, what is -52378 + 1004?
-51374
In base 6, what is 1 - -2402125512?
2402125513
In base 14, what is 10acd585 + 3?
10acd588
In base 4, what is -2 - 1313303212322?
-1313303212330
In base 6, what is 24 + -11414032541?
-11414032513
In base 11, what is -94 - 454473?
-454557
In base 12, what is -19942 + 16?
-19928
In base 3, what is -100200 - -1122121111002?
1122121010102
In base 14, what is -26 - c4c5a?
-c4c82
In base 13, what is -3a314 - -777?
-3986a
In base 16, what is -1a + 7173c?
71722
In base 6, what is -102203332 - -14?
-102203314
In base 9, what is -16341130 - 2?
-16341132
In base 16, what is a8 + 119d7c?
119e24
In base 9, what is -511780 + 1674?
-510105
In base 9, what is 4423178 - 0?
4423178
In base 6, what is -3 + -12342114?
-12342121
In base 3, what is 100 + 102220202011220?
102220202012020
In base 13, what is -72 + -a49129?
-a4919b
In base 13, what is -676b60b - -4?
-676b607
In base 8, what is -2266 + 60556?
56270
In base 11, what is 8525 + 14554?
21a79
In base 6, what is -3003342 + 2003?
-3001335
In base 3, what is 1122211011 - -1010000?
1200221011
In base 14, what is -ca1b - 27a?
-cc97
In base 11, what is -13936a533 + -3?
-13936a536
In base 11, what is 932 - -1189?
2010
In base 6, what is 343235043 + 2?
343235045
In base 5, what is -10323 + 32110111?
32044233
In base 10, what is -154 + -387498?
-387652
In base 13, what is 624745 - -48?
624790
In base 4, what is -13 - -102030002123?
102030002110
In base 11, what is 26 - 31a80aa?
-31a8084
In base 8, what is 16575 + -6502?
10073
In base 11, what is 5a16923 - 4?
5a1691a
In base 15, what is -1e - 69d02a?
-69d049
In base 12, what is -26823011 + -3?
-26823014
In base 16, what is -15b + -14d1?
-162c
In base 6, what is 3 - 20455443511?
-20455443504
In base 10, what is 19616820 + -15?
19616805
In base 11, what is -3 + 91235000?
91234aa8
In base 16, what is -9ac + -62c?
-fd8
In base 10, what is -1741 + -914?
-2655
In base 10, what is -238 + -89448?
-89686
In base 15, what is a + -1620ad?
-1620a3
In base 9, what is 1 - 4766682?
-4766681
In base 2, what is -10 + -110100001110111011000110?
-110100001110111011001000
In base 8, what is 342 - 3052040?
-3051476
In base 15, what is 8067092 - 5?
806708c
In base 7, what is -2 + -22535020?
-22535022
In base 9, what is 17516 - -3858?
22475
In base 13, what is a + -bb0064?
-bb0057
In base 2, what is -111101010110100 + 1010011101?
-111100000010111
In base 10, what is -481406 - 365?
-481771
In base 3, what is -10100 + -1011122102012?
-1011122112112
In base 3, what is 20 - 210020011021?
-210020011001
In base 13, what is 59 - -117399?
117425
In base 10, what is -3491225 + -25?
-3491250
In base 13, what is -2a459 - 4b6?
-2a942
In base 13, what is 10 + 34a4303?
34a4313
In base 7, what is -4115 - -123?
-3662
In base 16, what is -bc + -6099?
-6155
In base 11, what is -1 - -698291a?
6982919
In base 5, what is -323323021 - 22?
-323323043
In base 13, what is 338a - 4697?
-130a
In base 7, what is -623430 + 10336?
-613061
In base 13, what is 3659a + 757?
37024
In base 2, what is 1110111110100000111011 + 10001?
1110111110100001001100
In base 12, what is 15442 + -300?
15142
In base 16, what is 2ec - -92c2?
95ae
In base 6, what is 30104 + -1042442?
-1012334
In base 13, what is 1c290 - 68?
1c225
In base 8, what is -53063356 + 2?
-53063354
In base 10, what is 13751 + -6079?
7672
In base 6, what is -13544 - 44004?
-101552
In base 3, what is -1011121222 - -122202202?
-111212020
In base 13, what is -c8491 - 8?
-c8499
In base 12, what is -201855b - 2a?
-2018589
In base 16, what is 1d2 - 16d9c?
-16bca
In base 12, what is 108a + -11555?
-10487
In base 14, what is c4563 - -4?
c4567
In base 16, what is -14d3120d + 0?
-14d3120d
In base 2, what is -110111000101001100100 - -111?
-110111000101001011101
In base 3, what is -121101 - -2212102202?
2211211101
In base 5, what is -142014343 + -11?
-142014404
In base 13, what is 157a8c13 - -1?
157a8c14
In base 3, what is -20201010221100 - 210?
-20201010222010
In base 16, what is -d - 4a0df?
-4a0ec
In base 12, what is b6 - 31a8?
-30b2
In base 15, what is -65 + -52bd9?
-52c4e
In base 11, what is -1477103 - -5?
-14770a9
In base 4, what is -330023310 - -22203?
-330001101
In base 5, what is -30 - 113342201?
-113342231
In base 2, what is -1000100110101010001 + 10011001110?
-1000100100010000011
In base 16, what is 88e724 + 1?
88e725
In base 14, what is -12c3311 + 1?
-12c3310
In base 4, what is -2 + 13011020311?
13011020303
In base 10, what is -906 - -16371?
15465
In base 16, what is -36730 + 2?
-3672e
In base 7, what is 1304225 - -2101?
1306326
In base 10, what is 77546 + 2756?
80302
In base 13, what is 142759b1 - -4?
142759b5
In base 12, what is -30822b - 1?
-308230
In base 9, what is 1185 - 31465?
-30270
In base 15, what is 1e677 - 856?
1dd21
In base 15, what is -ae667 - -c?
-ae65a
In base 15, what is 348 - 314?
34
In base 11, what is 1719070 - 14?
1719057
In base 10, what is 30 - -1941401?
1941431
In base 14, what is 9973519 + 4?
997351d
In base 9, what is -5 + 165372006?
165372001
In base 4, what is 302030223 + -2201?
302022022
In base 11, what is -4 + -174a331?
-174a335
In base 4, what is -2331211 + 211203?
-2120002
In base 6, what is 135 + -11154152?
-11154013
In base 7, what is 362 - 1152443?
-1152051
In base 13, what is -465 + -b208?
-b670
In base 14, what is d + -4d443?
-4d434
In base 5, what is -202043234 + -3443?
-202102232
In base 13, what is 3872 + 1782?
5324
In base 16, what is 82357 - 45?
82312
In base 6, what is 3 + -25034134?
-25034131
In base 2, what is -1001110001000100 - -111101000010?
-1000110100000010
In base 5, what is -21313204300 + 1?
-21313204244
In base 13, what is -54346 + -122?
-54468
In base 10, what is -6423 + -14905?
-21328
In base 10, what is -4467589 - 2?
-4467591
In base 5, what is -12243421 + -2334?
-12301310
In base 4, what is 111131021 - 32331?
111032030
In base 5, what is -332012 + -24344?
-411411
In base 5, what is 2010401 + -203?
2010143
In base 14, what is 533 + -10ad80?
-10a84b
In base 4, what is 0 - 120032230133?
-120032230133
In base 3, what is -1112101011101 + -1122212?
-1112102211020
In base 10, what is -3004 + -13791?
-16795
In base 5, what is -10 + 33403323333?
33403323323
In base 3, what is 1212 - -21212011211?
21212020200
In base 9, what is 1470775007 - -4?
1470775012
In base 9, what is 435176055 + 1?
435176056
In base 2, what is 100000011001110100 + 100101111?
100000011110100011
In base 9, what is 34014585 + 0?
34014585
In base 9, what is -32674346 + -3?
-32674350
In base 10, what is 483 - -60258?
60741
In base 7, what is -16356 - 365422?
-415111
In base 16, what is 121043c6 - -3?
121043c9
In base 10, what is 4863517 + -20?
4863497
In base 16, what is 2fb - -5ab?
8a6
In base 7, what is 1 - 15140041?
-15140040
In base 12, what is 7 - 231224?
-231219
In base 6, what is -20 - -141250454?
141250434
In base 7, what is -2 + 6311454455?
6311454453
In base 9, what is 4 - 45044?
-45040
In base 8, what is -51 + 1352421?
1352350
In base 4, what is 13232 - -33321?
113213
In base 2, what is 111111111110101011110 - 100?
111111111110101011010
In base 9, what is 2 - -1043501614?
1043501616
In base 12, what is -51 + -212b1?
-21342
In base 16, what is bf68fd + 5?
bf6902
In base 6, what is -22133304 - 1121?
-22134425
In base 6, what is -101452 - -142215?
40323
In base 10, what is -12688 - -227?
-12461
In base 5, what is 102 + -333133?
-333031
In base 14, what is 8 + -4c11920?
-4c11916
In base 2, what is 110100101110001 - 100110?
110100101001011
In base 5, what is 130001 - 1040?
123411
In base 4, what is 3222200021 - -132?
3222200213
In base 4, what is 11 + 1102020031?
1102020102
In base 15, what is 132983 - -9?
13298c
In base 14, what is -134 - -39b96?
39a62
In base 16, what is -5da153 + 4?
-5da14f
In base 16, what is -41e154 + 1b?
-41e139
In base 4, what is 1221210133210 - -2?
1221210133212
In base 12, what is -4 - 603493?
-603497
In base 15, what is -48 + -3c1e5?
-3c23d
In base 15, what is -480 + 3169?
2bd9
In base 11, what is -40854885 + -3?
-40854888
In base 2, what is -1 + 101010011110011011011?
101010011110011011010
In base 10, what is 1302 + 29518?
